57a3
-135602524 (base 7) to base 9
-17713384
-22319 (base 14) to base 7
-463532
1001011111101011111001 (base 2) to base 4
21133223321
What is 4c4062 (base 16) in base 6?
255035134
1010101010110100001 (base 2) to base 7
2654150
What is -143325 (base 9) in base 10?
-87746
8a6a32 (base 13) to base 7
36542025
1652463 (base 10) to base 7
20021451
What is 95246 (base 10) in base 11?
65618
Convert -c051d (base 16) to base 6.
-24514541
Convert 10111102100 (base 3) to base 13.
2543a
-650576 (base 11) to base 9
-1854786
-30352313 (base 7) to base 14
-49d60a
-11603001 (base 7) to base 2
-11111110101001111000
11100220202 (base 3) to base 2
10100111111001001
Convert -44100434 (base 5) to base 10.
-378244
Convert 304437 (base 14) to base 2.
110001100110011000001
1aa9a3 (base 11) to base 14
854a1
-17a1d9 (base 16) to base 6
-53110105
1504010 (base 6) to base 2
10101000110000110
-3151302 (base 8) to base 16
-cd2c2
What is 10300432 (base 6) in base 10?
303428
Convert 75916 (base 12) to base 8.
456742
4095922 (base 10) to base 15
55d917
What is -13023101301 (base 4) in base 8?
-7132161
Convert 146471 (base 9) to base 12.
44147
What is -111000111111101010010 (base 2) in base 13?
-5050b9
-143606 (base 11) to base 15
-46710
-121003330 (base 4) to base 12
-4b4a4
6e976e (base 15) to base 11
2a98834
Convert 180901 (base 12) to base 8.
1454421
What is -672358 (base 12) in base 16?
-190e74
What is -24264 (base 14) in base 2?
-10101100011100000
What is 101100010110011101011 (base 2) in base 6?
51052111
-289977 (base 10) to base 13
-a1cac
2077671 (base 8) to base 2
10000111111110111001
What is -430d2 (base 16) in base 4?
-1003003102
Convert d194a (base 14) to base 16.
7b0ae
-361471 (base 11) to base 10
-572892
What is 1219 (base 11) in base 4?
120321
214852 (base 10) to base 13
76a41
-60759 (base 11) to base 2
-10101101010110101
Convert 387903 (base 10) to base 14.
a1515
-11023010301 (base 4) to base 3
-2112220012020
-10022001122102 (base 3) to base 5
-422043421
Convert -15a00 (base 13) to base 15.
-c341
Convert 4223132 (base 5) to base 14.
1b93b
What is 5a2aa (base 12) in base 14?
3233c
Convert -23513431 (base 6) to base 13.
-1cc279
Convert 1110011010100111011110 (base 2) to base 6.
212555314
Convert -2673048 (base 10) to base 3.
-12000210201210
-1220123 (base 6) to base 16
-fd53
145153134 (base 6) to base 16
2e80b2
What is 477c8 (base 15) in base 12?
aba68
617326 (base 8) to base 12
9a41a
What is -85069 (base 11) in base 15?
-26a73
Convert 20133120100 (base 4) to base 7.
24626602
-1a2e4c (base 15) to base 7
-13561641
Convert -15bd9 (base 15) to base 10.
-70179
Convert 2404b29 (base 12) to base 4.
122213011101
Convert -1542353 (base 8) to base 7.
-3525242
What is -12101120122 (base 3) in base 13?
-393c8
What is 1120a7 (base 16) in base 8?
4220247
What is 294b14 (base 12) in base 8?
2511100
-30401343 (base 6) to base 3
-1122021011000
Convert -2343060 (base 7) to base 2.
-1001000010111001010
-a74586 (base 11) to base 4
-12203223230
Convert 2222002122 (base 3) to base 14.
173cb
Convert -35cab0 (base 14) to base 6.
-103241134
19a9476 (base 11) to base 4
30321030020
-111011111011101000000 (base 2) to base 13
-539b48
Convert -1402135322 (base 6) to base 10.
-16902338
What is 63a554 (base 11) in base 6?
33541403
Convert -2421232 (base 6) to base 3.
-20110122102
469527 (base 11) to base 9
1354433
Convert 136865 (base 10) to base 13.
4a3b1
Convert 688724 (base 13) to base 15.
33d525
-2b2135 (base 13) to base 9
-1886823
Convert 408888 (base 10) to base 2.
1100011110100111000
-16952c (base 14) to base 7
-6514655
What is -229323 (base 10) in base 2?
-110111111111001011
What is 12066413 (base 7) in base 8?
4064467
Convert -100011111100111 (base 2) to base 7.
-104444
15660 (base 16) to base 9
143206
Convert 31604111 (base 7) to base 15.
3822ee
Convert 421402040 (base 5) to base 10.
1747145
-78512 (base 13) to base 3
-102002112112
What is -4705437 (base 9) in base 11?
-1487749
Convert -2a4dc0 (base 14) to base 5.
-334123000
282431 (base 9) to base 2
101010000101101100
Convert -1356212 (base 8) to base 6.
-12122230
c7c501 (base 13) to base 15
6276bd
-416855 (base 10) to base 14
-abcb5
8a8cc (base 13) to base 4
331201022
Convert 58dd0c (base 14) to base 8.
13447070
What is -3353745 (base 12) in base 3?
-200110121210022
Convert -102232133 (base 4) to base 6.
-1351035
-7615001 (base 8) to base 12
-823681
-4000121 (base 5) to base 11
-42a91
3020414444 (base 5) to base 6
333121434
What is -6c4e (base 16) in base 8?
-66116
110112022220 (base 3) to base 2
111100001101110010
Convert -138758 (base 9) to base 15.
-1a38e
What is 1215512 (base 7) in base 2?
100101111111110001
Convert 2152434 (base 6) to base 5.
11430131
Convert 14478670 (base 10) to base 11.
819a048
1110013 (base 4) to base 7
21460
What is -1324402341 (base 5) in base 13?
-906a69
Convert -3058981 (base 10) to base 13.
-831463
What is -13626413 (base 9) in base 15?
-8d4c63
Convert -40f45 (base 16) to base 15.
-53c6d
Convert 188176 (base 10) to base 16.
2df10
-b4829 (base 14) to base 10
-435157
5708c1 (base 13) to base 3
10212112220120
What is -360066 (base 8) in base 3?
-20020122010
Convert 1202001343 (base 5) to base 4.
22203100120
-11001011010110101001100 (base 2) to base 14
-c56564
1010032400 (base 5) to base 2
111110000011101000011
What is 57953 (base 11) in base 6?
1443205
What is -5d7166 (base 16) in base 6?
-335131142
What is 1106c39 (base 14) in base 3?
120012211012220
Convert 445f10 (base 16) to base 14.
848d20
Convert -3020120210 (base 4) to base 3.
-1112200212222
What is -252445 (base 7) in base 15?
-dbc4
Convert 81a675 (base 12) to base 6.
111300225
What is 3012117 (base 12) in base 4?
202100330203
2002121 (base 8) to base 16
80451
What is -28325 (base 14) in base 11?
-68759
What is 45a89 (base 16) in base 6?
10040533
-d31b (base 15) to base 8
-127040
Convert 323a95 (base 11) to base 12.
20b752
-34006421 (base 8) to base 14
-d9222d
What is -10112110010 (base 3) in base 13?
-25896
What is 233811 (base 9) in base 6?
3003014
-7572613 (base 9) to base 7
-46352052
563502 (base 11) to base 4
3123022211
What is 37165 (base 10) in base 9?
55874
What is 34232012 (base 5) in base 6?
10313121
What is 11010010100100000 (base 2) in base 7?
626211
What is 14f81 (base 16) in base 9?
140732
What is 37731 (base 10) in base 2?
1001001101100011
Convert -2344120414 (base 5) to base 11.
-3098423
145503 (base 6) to base 2
11011110001111
-701 (base 10) to base 3
-221222
Convert 1077308 (base 9) to base 15.
b79d2
-402332010 (base 5) to base 13
-442872
-11101100001100011001 (base 2) to base 3
-1211011002110
-20bb6a (base 12) to base 4
-1332203002
What is 46981 (base 15) in base 6?
4453104
What is -215113321 (base 6) in base 3?
-21022020111111
What is 52508 (base 12) in base 5?
11422424
What is -83c38 (base 14) in base 12?
-13400a
What is -3865197 (base 11) in base 4?
-121203031123
30310121 (base 4) to base 5
3140010
Convert -242415023 (base 6) to base 15.
-60ea23
What is -a3934 (base 13) in base 6?
-10144005
-55727553 (base 8) to base 15
-10cbc30
What is -204142355 (base 6) in base 16?
-364fdf
Convert -120302 (base 10) to base 8.
-352756
Convert -20522163 (base 7) to base 13.
-48a647
What is 121102102 (base 4) in base 3?
12021001221
Convert 18666588 (base 9) to base 7.
143115335
What is -31b37 (base 13) in base 9?
-146141
What is 1847251 (base 11) in base 8?
13735524
What is a6a3 (base 16) in base 6?
525255
-1110110010101011000101 (base 2) to base 4
-32302223011
-496303 (base 13) to base 8
-6545411
Convert 1014343 (base 8) to base 5.
32043030
14334221 (base 5) to base 12
74270
Convert -213201301 (base 4) to base 12.
-79841
-b94740 (base 14) to base 5
-3101233322
-123020012101 (base 4) to base 11
-4017708
What is 323123011 (base 4) in base 7?
2032420
1601064 (base 9) to base 11
55606a
-232330321 (base 4) to base 11
-121540
176204 (base 10) to base 12
85b78
-610147 (base 8) to base 6
-4145355
20132210212 (base 4) to base 3
11011220112011
17c497 (base 13) to base 9
1111741
11201011200 (base 3) to base 8
265045
-1104041 (base 7) to base 16
-212b1
What is 1001001010011011011101 (base 2) in base 9?
4460843
What is 2000011 (base 3) in base 15?
677
Convert -13537a7 (base 12) to base 10.
-3842479
-37add (base 15) to base 12
-86b9a
What is 412341404